{"id":1999,"date":"2016-11-15T14:52:33","date_gmt":"2016-11-15T14:52:33","guid":{"rendered":"http:\/\/smartwpress.com\/lucille3\/?page_id=1999"},"modified":"2024-09-01T12:05:34","modified_gmt":"2024-09-01T10:05:34","slug":"main-page","status":"publish","type":"page","link":"https:\/\/chavilbus-music.com\/","title":{"rendered":"Main Page"},"content":{"rendered":"<div class=\"wpb-content-wrapper\"><p>[vc_row][vc_column][vc_separator][vc_row_inner][vc_column_inner][vc_separator color=\u00a0\u00bbwhite\u00a0\u00bb border_width=\u00a0\u00bb10&Prime;][vc_separator color=\u00a0\u00bbwhite\u00a0\u00bb border_width=\u00a0\u00bb10&Prime;][\/vc_column_inner][\/vc_row_inner][\/vc_column][\/vc_row][vc_row][vc_column][vc_single_image image=\u00a0\u00bb2547&Prime; img_size=\u00a0\u00bbfull\u00a0\u00bb alignment=\u00a0\u00bbcenter\u00a0\u00bb][\/vc_column][\/vc_row][vc_row][vc_column][vc_column_text css=\u00a0\u00bb.vc_custom_1612719510510{background-color: #9fe2bf !important;}\u00a0\u00bb]<\/p>\n<p style=\"text-align: center;\">Bienvenue sur le site o\u00f9 je partage ma passion de la guitare et de la musique !<\/p>\n<p style=\"text-align: center;\">Des Backing Tracks, des le\u00e7ons, des Tablatures , des tests de mat\u00e9riel<\/p>\n<p style=\"text-align: center;\">Un Blog sur la guitare dans le rock, le blues<\/p>\n<p>[\/vc_column_text][\/vc_column][\/vc_row][vc_row][vc_column width=\u00a0\u00bb1\/2&Prime;][vc_custom_heading text=\u00a0\u00bbVid\u00e9os\u00a0\u00bb font_container=\u00a0\u00bbtag:h3|text_align:center|line_height:1&Prime; google_fonts=\u00a0\u00bbfont_family:Archivo%20Black%3Aregular|font_style:400%20regular%3A400%3Anormal\u00a0\u00bb][\/vc_column][vc_column width=\u00a0\u00bb1\/2&Prime;][vc_custom_heading text=\u00a0\u00bbBlog\u00a0\u00bb font_container=\u00a0\u00bbtag:h2|text_align:center|line_height:1&Prime; google_fonts=\u00a0\u00bbfont_family:Archivo%20Black%3Aregular|font_style:400%20regular%3A400%3Anormal\u00a0\u00bb][\/vc_column][\/vc_row][vc_row js_color_overlay=\u00a0\u00bbrgba(21,21,21,0.01)\u00a0\u00bb css=\u00a0\u00bb.vc_custom_1482853979383{background-position: center !important;background-repeat: no-repeat !important;background-size: cover !important;}\u00a0\u00bb][vc_column width=\u00a0\u00bb1\/2&Prime;][\/vc_column][vc_column width=\u00a0\u00bb1\/2&Prime;]\t\t<div class=\"lc_swp_boxed lc_blog_masonry_container grid_container blog_container\">\r\n\t\t\t<div class=\"brick3 blog-brick-size\"><\/div>\r\n\t\t\t\t\t\t\t<article class=\"post_item lc_blog_masonry_brick no_thumbnail post-2990 post type-post status-publish format-standard hentry category-non-classe\">\r\n\t\t\t\t\t\r\n\t\t\t\t\t<div class=\"post_item_details no_thumbnail vc_element\">\r\n\t\t\t\t\t\t<a href=\"https:\/\/chavilbus-music.com\/?p=2990\">\r\n\t\t\t\t\t\t\t<h2 class=\"lc_post_title transition4 masonry_post_title\">\r\n\t\t\t\t\t\t\t\tRelooking de la cha\u00eene Youtube\t\t\t\t\t\t\t<\/h2>\r\n\t\t\t\t\t\t<\/a>\r\n\r\n\t\t\t\t\t\t<div class=\"post_item_meta lc_post_meta masonry_post_meta\">\r\n\t\t\t\t\t\t\t<span class=\"swp_date_meta\">\r\n\t\t\t\t\t\t\t\t8 septembre 2022\t\t\t\t\t\t\t<\/span>\r\n\r\n\t\t\t\t\t\t\t<span class=\"swp_author_meta\">\r\n\t\t\t\t\t\t\t\tby\t\t\t\t\t\t\t\t<a href=\"https:\/\/chavilbus-music.com\/?author=1\">\r\n\t\t\t\t\t\t\t\t\tchavilbus\t\t\t\t\t\t\t\t<\/a>\r\n\t\t\t\t\t\t\t<\/span>\r\n\r\n\t\t\t\t\t\t\t \r\n\t\t\t\t\t\t\t\t<span class=\"swp_cat_meta\"> \r\n\t\t\t\t\t\t\t\t\tin&nbsp;<a href=\"https:\/\/chavilbus-music.com\/?cat=1\" rel=\"tag\">Non class\u00e9<\/a> \r\n\t\t\t\t\t\t\t\t<\/span> \r\n\t\t\t\t\t\t\t\t\t\t\t\t\t<\/div>\r\n\r\n\t\t\t\t\t\t\t\t\t\t\t\t<div class=\"lc_post_excerpt\">\r\n\t\t\t\t\t\t\t<p>J&rsquo;ai mis \u00e0 profit l&rsquo;\u00e9t\u00e9 2022 pour donner une nouvelle image \u00e0 la cha\u00eene :\u2026<\/p>\t\t\t\t\t\t<\/div>\r\n\t\t\t\t\t\t\r\n\t\t\t\t\t\t<div class=\"lc_button\">\r\n\t\t\t\t\t\t\t<a href=\"https:\/\/chavilbus-music.com\/?p=2990\">\r\n\t\t\t\t\t\t\t\tRead more\t\t\t\t\t\t\t<\/a>\r\n\t\t\t\t\t\t<\/div>\r\n\t\t\t\t\t<\/div>\r\n\t\t\t\t<\/article>\r\n\t\t\t\t\t\t\t<article class=\"post_item lc_blog_masonry_brick no_thumbnail post-2858 post type-post status-publish format-standard hentry category-non-classe\">\r\n\t\t\t\t\t\r\n\t\t\t\t\t<div class=\"post_item_details no_thumbnail vc_element\">\r\n\t\t\t\t\t\t<a href=\"https:\/\/chavilbus-music.com\/?p=2858\">\r\n\t\t\t\t\t\t\t<h2 class=\"lc_post_title transition4 masonry_post_title\">\r\n\t\t\t\t\t\t\t\tMon 40\u00e8me Backing Track !\t\t\t\t\t\t\t<\/h2>\r\n\t\t\t\t\t\t<\/a>\r\n\r\n\t\t\t\t\t\t<div class=\"post_item_meta lc_post_meta masonry_post_meta\">\r\n\t\t\t\t\t\t\t<span class=\"swp_date_meta\">\r\n\t\t\t\t\t\t\t\t2 mai 2021\t\t\t\t\t\t\t<\/span>\r\n\r\n\t\t\t\t\t\t\t<span class=\"swp_author_meta\">\r\n\t\t\t\t\t\t\t\tby\t\t\t\t\t\t\t\t<a href=\"https:\/\/chavilbus-music.com\/?author=1\">\r\n\t\t\t\t\t\t\t\t\tchavilbus\t\t\t\t\t\t\t\t<\/a>\r\n\t\t\t\t\t\t\t<\/span>\r\n\r\n\t\t\t\t\t\t\t \r\n\t\t\t\t\t\t\t\t<span class=\"swp_cat_meta\"> \r\n\t\t\t\t\t\t\t\t\tin&nbsp;<a href=\"https:\/\/chavilbus-music.com\/?cat=1\" rel=\"tag\">Non class\u00e9<\/a> \r\n\t\t\t\t\t\t\t\t<\/span> \r\n\t\t\t\t\t\t\t\t\t\t\t\t\t<\/div>\r\n\r\n\t\t\t\t\t\t\t\t\t\t\t\t<div class=\"lc_post_excerpt\">\r\n\t\t\t\t\t\t\t<p>Je publie aujourd&rsquo;hui mon Backing Track n\u00b040. J&rsquo;ai en moyenne 600 vues avec une pointe\u2026<\/p>\t\t\t\t\t\t<\/div>\r\n\t\t\t\t\t\t\r\n\t\t\t\t\t\t<div class=\"lc_button\">\r\n\t\t\t\t\t\t\t<a href=\"https:\/\/chavilbus-music.com\/?p=2858\">\r\n\t\t\t\t\t\t\t\tRead more\t\t\t\t\t\t\t<\/a>\r\n\t\t\t\t\t\t<\/div>\r\n\t\t\t\t\t<\/div>\r\n\t\t\t\t<\/article>\r\n\t\t\t\t\t<\/div>\r\n\t\t[\/vc_column][\/vc_row][vc_row][vc_column] <div class=\"social_profiles_vc_elt text_center\"> \t\t<div class=\"lc_social_profile\">\r\n\t\t\t<a href=\"https:\/\/www.facebook.com\/chavilbus.pierre\" target=\"_blank\">\r\n\t\t\t\t<i class=\"fab fa-facebook\"><\/i>\r\n\t\t\t<\/a>\r\n\t\t<\/div>\r\n\t\t\t\t<div class=\"lc_social_profile\">\r\n\t\t\t<a href=\"https:\/\/www.youtube.com\/c\/Chavilbus\" target=\"_blank\">\r\n\t\t\t\t<i class=\"fab fa-youtube\"><\/i>\r\n\t\t\t<\/a>\r\n\t\t<\/div>\r\n\t\t\t\t<div class=\"lc_social_profile\">\r\n\t\t\t<a href=\"https:\/\/soundcloud.com\/chavilbus\" target=\"_blank\">\r\n\t\t\t\t<i class=\"fab fa-soundcloud\"><\/i>\r\n\t\t\t<\/a>\r\n\t\t<\/div>\r\n\t\t <\/div> [\/vc_column][\/vc_row]<\/p>\n<\/div>","protected":false},"excerpt":{"rendered":"<p>[vc_row][vc_column][vc_separator][vc_row_inner][vc_column_inner][vc_separator color=\u00a0\u00bbwhite\u00a0\u00bb border_width=\u00a0\u00bb10&Prime;][vc_separator color=\u00a0\u00bbwhite\u00a0\u00bb border_width=\u00a0\u00bb10&Prime;][\/vc_column_inner][\/vc_row_inner][\/vc_column][\/vc_row][vc_row][vc_column][vc_single_image image=\u00a0\u00bb2547&Prime; img_size=\u00a0\u00bbfull\u00a0\u00bb alignment=\u00a0\u00bbcenter\u00a0\u00bb][\/vc_column][\/vc_row][vc_row][vc_column][vc_column_text css=\u00a0\u00bb.vc_custom_1612719510510{background-color: #9fe2bf !important;}\u00a0\u00bb] Bienvenue sur le site o\u00f9 je partage ma passion de la guitare et de la musique ! Des Backing Tracks, des le\u00e7ons, des Tablatures , des tests de mat\u00e9riel&#8230;<\/p>\n","protected":false},"author":1,"featured_media":0,"parent":0,"menu_order":0,"comment_status":"closed","ping_status":"closed","template":"template-visual-composer.php","meta":{"footnotes":""},"class_list":["post-1999","page","type-page","status-publish","hentry"],"_links":{"self":[{"href":"https:\/\/chavilbus-music.com\/index.php?rest_route=\/wp\/v2\/pages\/1999","targetHints":{"allow":["GET"]}}],"collection":[{"href":"https:\/\/chavilbus-music.com\/index.php?rest_route=\/wp\/v2\/pages"}],"about":[{"href":"https:\/\/chavilbus-music.com\/index.php?rest_route=\/wp\/v2\/types\/page"}],"author":[{"embeddable":true,"href":"https:\/\/chavilbus-music.com\/index.php?rest_route=\/wp\/v2\/users\/1"}],"replies":[{"embeddable":true,"href":"https:\/\/chavilbus-music.com\/index.php?rest_route=%2Fwp%2Fv2%2Fcomments&post=1999"}],"version-history":[{"count":45,"href":"https:\/\/chavilbus-music.com\/index.php?rest_route=\/wp\/v2\/pages\/1999\/revisions"}],"predecessor-version":[{"id":3160,"href":"https:\/\/chavilbus-music.com\/index.php?rest_route=\/wp\/v2\/pages\/1999\/revisions\/3160"}],"wp:attachment":[{"href":"https:\/\/chavilbus-music.com\/index.php?rest_route=%2Fwp%2Fv2%2Fmedia&parent=1999"}],"curies":[{"name":"wp","href":"https:\/\/api.w.org\/{rel}","templated":true}]}}